3*z - 2*s, 0 = -80*z + 84*z - 4*s - 36344. What is the tens digit of z?
8
Suppose -9927*x = -9926*x - 16178. What is the units digit of x?
8
Suppose 13*s - 18*s - 395 = 0. Let n = s + 88. Let g(d) = 24*d - 45. What is the hundreds digit of g(n)?
1
Suppose -4*n + 15 - 3 = 0. Suppose -2*j - 5 - 1 = -2*d, -15 = n*j - d. What is the units digit of (-3 - j) + 183/3?
4
Suppose -213461 - 353596 = -79*m + 676008. What is the tens digit of m?
3
Suppose -4*y - 7*u - 4 = -3*u, 0 = -3*u - 15. Suppose -5*q = n + 7, -41 = -3*n - y*q - 7. What is the hundreds digit of ((-192)/n)/8*459/(-2)?
3
Suppose -3481 = -7*z - 380. Let j = 988 - z. Suppose j = 5*u - 155. What is the units digit of u?
0
Let h = -40 - -55. Let p be 963/5 + 6/h*1. Suppose -6*x - 5*i = -3*x - p, -i = x - 61. What is the tens digit of x?
5
Suppose -38*c - 34*c + 392904 = 0. What is the thousands digit of c?
5
Let j be 2 - (-378 - (-1 - -4) - 6). Let z = 1488 - j. What is the units digit of z?
9
Let v = 52 - 56. Let z be (v - -6)*(0 + (-314)/(-4)). Let n = -110 + z. What is the units digit of n?
7
Let s(y) = 2*y + 29. Let b be s(-13). Suppose -b*v - 6*c = -7*c - 33, 5*c = 2*v - 35. What is the tens digit of -5*(-3 - (-3 - (-426)/v))?
1
Let a(o) = -o**3 + 73*o**2 - 95*o + 796. What is the thousands digit of a(70)?
8
Let p be 2/(-3)*45/6*25. Let a = p - -137. What is the tens digit of a?
1
Let x(o) = 45*o - 51. Let y be x(-12). Let l = y - -622. What is the units digit of l?
1
Let k(g) = 10*g - 60. Let n be k(6). What is the tens digit of (2 + (-1148)/(-8))*(n - -2)?
9
Let q be (2/(-3))/((-28)/210). Suppose 5*g = -3*m + 857, -q*g + 868 = 5*m - 567. What is the tens digit of m?
8
Let o(m) = 2*m**2 + 31*m - 48. Let s = 13 + -37. What is the units digit of o(s)?
0
Let i be (5 - 8) + (-2052)/(-12). What is the units digit of (i/(-224))/((-6)/13576)?
7
Suppose -2*z = 4*b - 8*b + 4, -4*z = -b - 13. Suppose -2*k = -m - 3*m - 10, 2*m = -b*k + 23. Let u = k + 41. What is the units digit of u?
8
Let i = 7398 - 1928. What is the units digit of i?
0
Let w(a) = a**2 + 2*a - 116. Let n be w(-12). Suppose 2*f - 5*f - 3*z = -3372, -z - 4481 = -n*f. What is the tens digit of f?
2
Suppose 199 = -7*a + 1256. Suppose -a*p + 16973 = -140*p. What is the hundreds digit of p?
5
Let k be ((5 - -7713) + -2)/(4 + -2). Suppose -16*f + 398 = -k. What is the hundreds digit of f?
2
Let w = 127543 - 84504. What is the units digit of w?
9
Let s = -427 - -434. What is the tens digit of (-5 + (-2355)/(-21))*s?
5
What is the thousands digit of (13/(364/(-7)))/(2/(-53224))?
6
Let t = 20 - 180. Let p = 428 + t. What is the units digit of p?
8
Let n(r) = 2*r + 13*r**2 - r**3 - r**2 - 16 + 9*r**2 - 24. Let y be n(21). Suppose -2*o = 2*o + l - 467, -238 = -2*o - y*l. What is the units digit of o?
6
Suppose 3*z - 9 = -0. Suppose -2*s = -6, -z*s = 2*p - 3*p - 5. Suppose 4 = -5*v - 11, p*v - 103 = -y. What is the hundreds digit of y?
1
Suppose 0*o + 3*o = -3*f + 741, -3*o + 991 = 4*f. Suppose -f = -4*g + 1674. Suppose 1 - g = -15*l. What is the units digit of l?
2
Let z = -220 + 225. Suppose z*f - 158 + 43 = 0. What is the tens digit of f?
2
Suppose 0 = -2*g - 4, -4*g = -2*z - 2*g + 136. Let a = z + -38. Suppose -h - 86 = -2*u, 4*u - a = -h + 138. What is the units digit of u?
2
Let r be 5/(10/8) + 23 + -22. Suppose a = 0, -4*a + 0*a + 110 = r*o. What is the tens digit of o?
2
Let v(r) = -115*r**3 + 4*r**2 + 4*r + 3. What is the hundreds digit of v(-2)?
9
Suppose -5*x - i = -136574, 793*i - 109244 = -4*x + 796*i. What is the units digit of x?
4
Suppose 2*m - 4*m = -38. Let p = 114 - m. Suppose p = -0*z + 5*z. What is the tens digit of z?
1
Suppose -6*x + 21 = -63. What is the hundreds digit of (-6544)/(-28) + 4/x?
2
Let h be ((-250)/(-4))/((-1)/2). Let c = -446 + 219. Let r = h - c. What is the tens digit of r?
0
Let n(v) = -1038*v - 1789. What is the thousands digit of n(-9)?
7
Suppose -10*m - 6003 = 13*m. Let u = m + 1135. What is the tens digit of u?
7
Suppose 0*c - q = 3*c + 1167, 5*q + 1545 = -4*c. Let m = 1026 + c. What is the hundreds digit of m?
6
Suppose g - 2*r = 676, -2*r - 3340 = -4*g - g. Let t = 1111 - g. What is the hundreds digit of t?
4
Let a(b) = -77*b + 230. Suppose -265*j = -269*j - 40. What is the hundreds digit of a(j)?
0
Let m(p) = 365*p - 16. Let j be -2 + 45/6*(-18)/(-45). What is the units digit of m(j)?
9
Let r = 10468 + -584. What is the hundreds digit of r?
8
Let q = -27 + 78. Suppose -12 = 3*k - q. Let c(l) = l**3 - 13*l**2 + 4*l + 13. What is the units digit of c(k)?
5
What is the thousands digit of -2*(-19 - 40431)*1/2?
0
Let x be 104/(-130) - 128/(-10). Suppose -3493 + 385 = -x*d. What is the units digit of d?
9
Suppose -3*k - 2*i - 813 = -3*i, 0 = 2*k - 5*i + 555. What is the hundreds digit of 36/k - 4517/(-15)?
3
Let y = -2 + 3. Let i(g) be the third derivative of 37*g**6/120 - g**5/20 - g**4/24 + g**3/2 - 159*g**2. What is the tens digit of i(y)?
3
Let c(w) = -w**3 - 5*w**2 - 2*w + 37. Let p be c(-8). Let i = p - 2. What is the hundreds digit of i?
2
Let v = -4 - -6. Suppose 1 = -4*y - v*q - 1, 3*q + 9 = -3*y. What is the tens digit of (32/4 - 5) + 152/y?
7
Let c(f) = 3340*f + 4833. What is the tens digit of c(22)?
1
Let f = -50 - -128. Suppose 0 = -9*j + 12*j + f. Let i = 61 - j. What is the tens digit of i?
8
Let z(b) = 1127*b - 10253. What is the units digit of z(34)?
5
Suppose 2*z - 5*c = 9192, -7*z + 10*z - 13767 = 4*c. What is the tens digit of z?
8
Suppose 0 = -7*x + 2*x + 30. Suppose -984 = -x*a - 264. Suppose -5*h = -230 - a. What is the units digit of h?
0
Let q = 1678 - 958. Suppose 0 = i + 5*i - q. Let v = i - 36. What is the tens digit of v?
8
Let h be 1 - 1 - -4*(-87)/4. Let a be -4*(1 + h/6). Let m = 89 - a. What is the units digit of m?
5
Let w = 873 - 871. What is the hundreds digit of (-54537)/(-53) - (w - -1)?
0
Suppose -16*t = -96 - 0. Suppose -3527 = -t*b - 605. What is the hundreds digit of b?
4
Let j(k) = 737*k**2 - 102*k - 16. What is the ten thousands digit of j(-4)?
1
Let b(s) = 2*s**2 + 10*s + 9. Let p be b(-6). Suppose w - 8*w = -p. Let t(c) = -c**3 + 5*c**2 - 3*c + 4. What is the tens digit of t(w)?
1
Let z = -1940 + 6335. What is the thousands digit of z?
4
Let k(f) = 2*f + 29. Let d be k(-12). Suppose 2*l - 2*b + 87 = 253, -2*l + 166 = d*b. Suppose -c = -3*i - l, 5*c - 4*i - 395 = i. What is the tens digit of c?
7
Suppose 0 = -5*u + 393 - 123. Suppose m = -f + 120, 3*f - 115 = -2*m + 130. Let i = m - u. What is the tens digit of i?
6
Let o = -61635 + 103043. What is the thousands digit of o?
1
Let q(v) = 3*v**2 - 10*v + 6. Let p be q(3). Suppose -p*l + 2051 = -2*i, -3*l = -6*l + 3*i + 2052. What is the units digit of l?
3
Let n = -12048 + 19886. What is the tens digit of n?
3
What is the tens digit of 66/(-18)*-2505 + -24?
6
Let n be -9 - (4 + 3 + -15). What is the hundreds digit of 5 - 2 - (n + -4 + -125)?
1
Let p be 1 - ((4 - 8) + 0). Let q(s) = 7*s - 153. Let o(b) = 11*b - 230. Let x(t) = p*o(t) - 8*q(t). What is the units digit of x(0)?
4
Let w = -2 - 60. Let a = w + 147. What is the tens digit of a?
8
Let a(f) = 10*f - 36. Let l(c) = -9*c + 35. Let j(p) = 3*a(p) + 2*l(p). Let o be j(-17). Let u = -94 - o. What is the tens digit of u?
4
Let p(v) = -v**3 + 40*v**2 + 46*v + 48. Let k be p(41). Let g be 47/(-1)*3*1. Let t = g + k. What is the hundreds digit of t?
1
Let n = -717 + 768. Suppose -5497 = -n*i + 28*i. What is the hundreds digit of i?
2
Let w(p) = -2*p**3 + 6*p**2 + p + 1. Let r be w(5). Suppose 2*m - 5*x = 335, -1068 = -5*m + x - 242. Let j = r + m. What is the units digit of j?
1
What is the tens digit of 286598/146 + (0 - 11)?
5
What is the tens digit of ((-3)/(-10))/(125/625)*15286?
2
Let w = -21 + 23. Suppose 0 = -0*t - w*t - 66. Let j = 85 + t. What is the units digit of j?
2
Let o(f) = 9924*f - 153. What is the tens digit of o(2)?
9
Suppose -196*d + 206*d - 20 = 0. What is the tens digit of (d - 1) + (-1068)/(96/(-8))?
9
Let k(c) = 3*c**3 + 19*c**2 + 5*c - 19. Let t be k(-6). What is the hundreds digit of (-3 - -8)*t/(325/(-1480))?
2
Let p be (3 - (1 + -2))*1. Suppose -o + 540 = 3*n - 339, -4*n + p*o = -1172. Let t = -150 + n. What is the hundreds digit of t?
1
Let x be (-2)/(-3)*(740/(-40) + 8). Let d = 24 - 9. Let v = d + x. What is the units dig